{"id":27,"date":"2014-05-08T20:19:01","date_gmt":"2014-05-08T19:19:01","guid":{"rendered":"https:\/\/golden-stardust.com\/?page_id=27"},"modified":"2025-07-16T01:42:12","modified_gmt":"2025-07-16T00:42:12","slug":"comments-of-friends","status":"publish","type":"page","link":"https:\/\/golden-stardust.com\/?page_id=27","title":{"rendered":"Comments of friends [de]"},"content":{"rendered":"<blockquote>\n<p>Tassilo S. ist sowas wie ein Maskottchen des OHG&#8217;s [Tassilos fr\u00fchere Schule; d. Red.], eine Art Vorg\u00e4nger von Toni Wasko. Tassilo engagierte sich stets in der SMV (war auch fast schon mal Unterstufen &#8211; Sprecher) und in diversen AG&#8217;s, was vielleicht auch dazu betr\u00e4gt, dass Tassilo bereits ein Jahr l\u00e4nger an der Schule ist, und es ihm immer noch schwer f\u00e4llt, sich von ihr zu trennen.<\/p>\n<p>Tassilo steht der Welt sehr aufgeschlossen gegen\u00fcber und auch au\u00dferhalb der Schule macht er in Vereinen eine gute Figur. Er spielt beim KSV Fu\u00dfball und seine Mannschaft hat auch dieses Jahr gute Chancen zum Klassenverbleib (2. oder 3. Liga von unten).Vom KSC , zu dessen besten Fans man Tassilo S. sicherlich z\u00e4hlen kann, kann man das ja mehr nicht behaupten. Auch Tennis und Handball hat Tassilo bereits aktiv betrieben. Gro\u00dfen Wert legt Tassilo S. auch auf sein Engagement beim Fl\u00f6tenchor der Gemeinde Bruder Klaus in Hagsfeld wo er w\u00f6chentlich f\u00fcr das n\u00f6tige Tonvolumen sorgt. Berufswunsch von Thomas Strunz w\u00e4re sicherlich St\u00fcrmer beim FC Bayern , wo er \u00fcbrigens her stammt. Meine Prognose geht allerdings eher in eine andere Richtung : Da Tassilo bereits jetzt eine Kult- Person ist, wird er sich wohl in das st\u00e4ndige Stadtbild Karlsruhes integrieren, entweder als Ordner beim KSC oder als Nachfolger des von mir so genannten Schlo\u00dfgartenmannes (es w\u00fcrde mich mal interessieren wie der eigentlich hei\u00dft, ihr wi\u00dft schon, der der immer auf dem FEST und anderen Parties auftaucht und sich dreht wie ein Irrer und im Schloga immer Frisbee spielt (Sorry, der Satz ist zu lang)).<\/p>\n<\/blockquote>\n<p><em>geschrieben von Burghard Bolle und Thomas Balthasar<\/em><\/p>\n<p>&nbsp;<\/p>\n<blockquote>\n<p>Ich heisse Bernhard K\u00e4mmerer und wohne in M\u00fcnchen.<\/p>\n<p>Ich kenne den Tassilo nur aus dem Fussballstadion. Soweit ich es sehe, ist er einer von der Sorte der WAHREN Fans. Er wohnt in Karlsruhe (seit 2014, und hat trotzdem eine Jahreskarte f\u00fcr den FC Bayern M\u00fcnchen (eine KSC &#8211; Jahreskarte ist nat\u00fcrlich auch vorhanden). Ich habe ihn bisher erst drei oder vier mal getroffen, und jedesmal eben im Fussballstadion. Aber trotzdem kann ich sagen, dass ich ihn sozusagen schon richtig ins Herz geschlossen habe (hehe&#8230;) [&lt;3 ?; d. Red.]<\/p>\n<p>Er ist immer gut drauf (egal bei welchem Wetter) [meist ist es eh Regen; d. Red.], und ist immer mit vollem Einsatz dabei (Fanges\u00e4nge, z.B.). Ab und zu kann man dann sogar erleben, wie er ohne Vorwarnung im Regen oder in der U- Bahn irgendwelche selbstgetexteten Lieder &#8220;losgr\u00f6lt&#8221; [Bernie, warum in &#8220;&#8221;?; d. Red.]. Ab und zu kommt es dann zu solchen lustigen Situationen, wie beim Unterhaching &#8211; Spiel [Haching gegen St. Pauli; d. Red.] (Da geht er nat\u00fcrlich auch noch hin, wenn er in M\u00fcnchen ist und Haching zuf\u00e4llig auch noch spielt&#8230;) ; Er stand also wie gesagt friedlich in der Kurve bei den Unterhaching- Fans, und pl\u00f6tzlich schmetterte er in Richtung der gegnerischen Fans los: &#8220;Ohne Z\u00e4une w\u00e4rt ihr alle tot&#8221; [als Antwort auf &#8220;Ohne Pauli w\u00e4r\u2018 hier gar nichts los&#8221;; d. Red.]. Da sag ich einfach gar nichts mehr dazu.<\/p>\n<p>Da ich ihn wie bereits erw\u00e4hnt noch nicht so gut kenne, kann ich jetzt eigentlich nur noch zusammenfassend sagen, dass er wirklich ein Mensch von der lustigeren Sorte ist, dass ein gewisser gr\u00f6\u00dferer Teil seines Lebens dem Fussball [neue Rechtschreibung auch hier, Bernie !!!!; d. Red.] gewidmet ist, und dass ich mich jetzt schon auf ein Wiedersehen im neuen Jahrtausend freue !!!<\/p>\n<\/blockquote>\n<p><em>geschrieben von Bernhard K\u00e4mmerer<\/em><\/p>\n<p>&nbsp;<\/p>\n<blockquote>\n<p>Ich kenne Tassilo jetzt schon seit 5 Jahren [geschrieben: 2000; d. Red.] und ich mu\u00df sagen, dass er ein richtiger Kumpel von mir geworden ist. Da er genauso KSC Fan ist wie ich, kommt es in regelm\u00e4\u00dfigen Abst\u00e4nden vor, dass wir dem KSC auf die verschiedensten Kuhd\u00f6rfer in S\u00fcddeutschland nachfahren [z.B. Stuttgart; d. Red.]. In einer munteren Gruppe von durchschnittlich 5 Personen fahren wir meistens mit dem Zug und Tassilo ist oft derjenige, der das Ganze organisiert mit Zugverbindung und Eintrittskarten. Tassilo f\u00e4hrt aber auch ziemlich oft alleine in die Fu\u00dfballstadien in ganz Deutschland, wobei sein h\u00e4ufigster Zielort M\u00fcnchen ist. Er hat irgendwie seinen Narren am FCB gefunden, was ich, zumindest nicht v\u00f6llig, verstehen kann. Ich meine, die Stadt als solche ist bestimmt attraktiv, aber mit diesem Verein hab ich so meine Problemchen ! Aber nicht nur M\u00fcnchen hat Tassilo gesehen, sondern auch Mailand, wo er das Derby besucht hat. Also allgemein kann man zu Tassilo sagen, dass er kaum zu \u00fcberbieten ist, was Unternehmungslust und Vielseitigkeit in Sachen Fu\u00dfball angeht (Dieses Statement kann man sich \u00fcbrigens auf seiner Homepage best\u00e4tigen lassen). Auch zu den Spielen der Damenmannschaft des ASV Hagsfeld erscheint er regelm\u00e4\u00dfig und dr\u00fcckt uns die Daumen; nur in seinem eigenen Verein, dem KSV, l\u00e4sst er dieses Engagement vermissen (&#8220;ich glaub, ich sollte heute mal wieder ins Training gehen, da ich ja die letzten 3 Wochen gefehlt hab &#8220;) !!!!!!<\/p>\n<p>Zum Abschluss m\u00f6cht ich eigentlich nur noch sagen: Tassilo bleib so, wie Du bist und hoffentlich k\u00f6nnen wir in 2 Jahren mal nach M\u00fcnchen fahren, wenn dann der KSC auch mal wieder beim FCB gastiert ! [Anm. der Redaktion: Svenja, ich hoff, dass ihr mit mir zum Spiel bei den Bayern-Amateuren mitfahrt !!!]<\/p>\n<\/blockquote>\n<p><em>geschrieben von Svenja V\u00f6lz<\/em><\/p>\n<p>&nbsp;<\/p>\n<blockquote>\n<p>Der Tassilo, wer ist das? Als er mich bat, einen Bericht f\u00fcr seine Homepage zu schreiben, hatte ich keinen Plan was man \u00fcber den Kerl erz\u00e4hlen soll. Man kann ihn nicht leicht umreissen oder charakterisieren, daf\u00fcr hat er zu viele verr\u00fcckte Seiten. Doch eigentlich ist der Job gar nicht so schwer. Ihr wollt wissen wie er so ist, also gut: Schaut euch einfach seine Homepage an. Welcher Typ hat schon ein eigenes Stadionverzeichnis: Ein total vernarrter Fussballfan! Doch nicht nur f\u00fcr eine Mannschaft, einen Verein interessiert er sich &#8211; alle, die irgendwie auf den Ball treten, werden von seinen Ges\u00e4ngen und seiner Fachkenntnis nicht verschont. Sein Spezialgebiet: Weibliche Jugend. Auch Reisen in die entferntesten Stadien geh\u00f6rt zu seinen Leidenschaften. Mitglied beim KSC [noch nicht, Thomas !!; d. Red.] und FC Bayern, aber ebenso Unterhaching-Fan und \u00fcberhaupt nicht nachvollziehbar auch noch VFB-Fan. Total crazy, aber einzigartig. Fussball das ist neben einigen Pflichtaufgaben, wie PH-Studium, sein Leben. Eine weibliche Begleitung durch dieses Fussballlabyrinth gibt es im Moment nicht, noch nicht, ich hab so den Eindruck, er arbeitet daran. Tassilo gl\u00e4nzt durch Eigenschaften, die man so schnell bei keiner anderen Person widerfindet. Er \u00fcberzeugt mit Daten rund um den Fussball und viele Stadien. Der Computerwelt hat er sein Wissen ebenso verschrieben. Verkaufte er anfangs noch bei Vobis unter dem Vorwand, gute PC-Kenntnis zu haben, stellt er heute einen Homepage-Experten dar. Der Tassilo, ein Bayer in Baden, mit knallgelbem Handy [mittlerweile hab ich ein neues, Thomas.; d. Red.] und hin und wieder wasserstoffblonden Haaren. Ein Mann, der jeden Fanclub durchwirbelt. Ein Mitl\u00e4ufer ?!? Nein, wohl eher ein Unikat. &#8220;Jeder spinnt auf seine Weise, der eine laut der andere leise.&#8221; Diesen Spruch hat er mir mal mit auf den Weg gegeben und genau diese L\u00e4ssigkeit macht ihn aus.<\/p>\n<\/blockquote>\n<p><em>geschrieben von Thomas Schreitm\u00fcller<\/em><\/p>\n<p>&nbsp;<\/p>\n<blockquote>\n<p>Ich kenne Tassilo so ca. mit am l\u00e4ngsten (glaub ich) [stimmt nicht ganz: Thomas Schreitm\u00fcller kenn ich schon seit dem Kindergarten, da warst du noch gar nicht auf der Welt !!; d. Red.], obwohl ich erst 15 also knapp 16 [geschrieben: 2000; d. Red.] bin. Meine Eltern sind schon immer mit seinen Eltern zum Skifahren gefahren, und ich dann halt auch als ich mal auf dieser Welt war. Seitdem kenn ich den Tassilo. Mit ihm hab ich zum erstenmal in meinem Leben \u00fcber Fussball diskutiert, glaub ich. Damals war er noch reiner KSC-Fan und ich absoluter Bayern-Fan. Er wollte mich immer \u00fcberreden, dass ich mich von den Bayern l\u00f6se, aber wie man sieht, hab ich gewonnen. Jetzt ist er auch Bayern-Fan [alte Heimatverbundenheit, Markus; d. Red.]. Mit ihm kann man sau gut \u00fcber alles M\u00f6gliche ratschen (per ICQ). Er schickt mir auch immer die besten Fanlieder und absolut coole Bildl (Bilder [f\u00fcr Leute, die des Bayerischen nicht m\u00e4chtig sind); d. Red.]. Aber in zwei Sachen bin ich ihm weit \u00fcberlegen: Skifahren [na ja, schneller, aber nicht besser; d. Red.] und Homepagebauen \ud83d\ude42 [na ja, meinetwegen; d. Red.], aber sonst ist er ein begnadeter Fussballanschauer [ich dachte, du schreibst jetzt &#8220;Fussballer&#8221;; d. Red.]. Er war sogar schon einmal bei uns, um den Jahn Regensburg anzuschauen (gegen den KSC) und wer hat gewonnen? Nat\u00fcrlich die Jahnerer \ud83d\ude42 [das war schon schmerzhaft, als KSC-Fan im Jahnblock zu stehen *g*; d. Red.]. So, das war&#8217;s eigentlich.<\/p>\n<\/blockquote>\n<p><em>geschrieben von Markus Sch\u00f6nberger<\/em><\/p>\n<p>&nbsp;<\/p>\n<blockquote>\n<p>Ich kenne Tassilo jetzt so ungef\u00e4hr 6 Jahre [geschrieben: 2002; d.Red.]. Eigentlich nur dadurch, dass er in der Schule (OHG) immer sehr bekannt war. Ich glaube nicht, dass es jemanden gibt, der den Tassilo nicht kennt (jedenfalls einer der seiner Zeit auch auf der Schule war). Seit Tassilo sein Abi hat und studiert, muss ich zugeben, dass er sich, im Gegensatz zu mir,\u00a0 sehr um den Kontakt bem\u00fcht. Was aber nicht heissen soll, dass ich ihn nicht mag. Er ist immer f\u00fcr einen da und auch sehr hilfsbereit. Manchmal braucht er allerdings auch einen, um seine Sorgen los zu werden. Tassilo ist schon seit ich ihn kenne KSC-Fan (ich glaube ich kenne keinen andren, der den KSC so verg\u00f6ttert, obwohl er nicht mehr das ist was er einmal war), wenn es geht ist er auf jedem Spiel, ob alleine oder mit seinen ber\u00fchmten &#8220;Fussballern&#8221;, er fiebert immer mit. Soviel ich weiss hat er beim KSV Fussball gespielt, doch wegen fehlender Zeit hat er sich entschlossen seine Kariere erst in 2 &#8211; 3 Jahren fort zu setzen. Seit er nicht mehr dabei ist verliert der KSV jedenfalls jedes Spiel *g* (nimm&#8217;s mir nicht \u00fcbel, Tassi!). Wenn er mal ein paar freie Tage hat, f\u00e4hrt er gern zu seiner Oma und hilft ihr beim einkaufen oder wenns um den Garten geht. Ich glaube seine Oma ist f\u00fcr ihn so ziemlich der wichtigste Mensch. Sie wohnt in M\u00fcnchen und das trifft sich nat\u00fcrlich gut, denn Tassilo verehrt nicht nur den KSC, auch Bayern M\u00fcnchen ist eine der Mannschaften, die Tassilo ganz toll findet. Diese Meinung konnte ich noch nie und kann ich allerdings absolut nicht mit ihm teilen&#8230;..<\/p>\n<p>Tassilo weiss mesitens [sic] einen aufzubauen und zu helfen, das macht ihn aus und so besonders. Wobei er manchmal auch ein bisschen nervig sein kann. Aber Tassilo, JEDER HAT SEINE MACKEN!!!<\/p>\n<p>W\u00fcnsche dir weiterhin viel Gl\u00fcck und hoffe, der KSC steigt wieder auf&#8230;&#8230;.<\/p>\n<p>Machs gut!<\/p>\n<\/blockquote>\n<p><em>geschrieben von Hannah Wolfram<\/em><\/p>\n\n\n<p><\/p>\n\n\n\n<p><\/p>\n","protected":false},"excerpt":{"rendered":"<p>Tassilo S. ist sowas wie ein Maskottchen des OHG&#8217;s [Tassilos fr\u00fchere Schule; d. Red.], eine Art Vorg\u00e4nger von Toni Wasko. Tassilo engagierte sich stets in der SMV (war auch fast schon mal Unterstufen &#8211; Sprecher) und in diversen AG&#8217;s, was vielleicht auch dazu betr\u00e4gt, dass Tassilo bereits ein Jahr l\u00e4nger an der Schule ist, und &hellip; <a href=\"https:\/\/golden-stardust.com\/?page_id=27\" class=\"more-link\">Continue reading<span class=\"screen-reader-text\"> &#8220;Comments of friends [de]&#8221;<\/span><\/a><\/p>\n","protected":false},"author":2,"featured_media":0,"parent":19,"menu_order":2,"comment_status":"open","ping_status":"closed","template":"","meta":{"footnotes":""},"class_list":["post-27","page","type-page","status-publish","hentry"],"_links":{"self":[{"href":"https:\/\/golden-stardust.com\/index.php?rest_route=\/wp\/v2\/pages\/27","targetHints":{"allow":["GET"]}}],"collection":[{"href":"https:\/\/golden-stardust.com\/index.php?rest_route=\/wp\/v2\/pages"}],"about":[{"href":"https:\/\/golden-stardust.com\/index.php?rest_route=\/wp\/v2\/types\/page"}],"author":[{"embeddable":true,"href":"https:\/\/golden-stardust.com\/index.php?rest_route=\/wp\/v2\/users\/2"}],"replies":[{"embeddable":true,"href":"https:\/\/golden-stardust.com\/index.php?rest_route=%2Fwp%2Fv2%2Fcomments&post=27"}],"version-history":[{"count":9,"href":"https:\/\/golden-stardust.com\/index.php?rest_route=\/wp\/v2\/pages\/27\/revisions"}],"predecessor-version":[{"id":631,"href":"https:\/\/golden-stardust.com\/index.php?rest_route=\/wp\/v2\/pages\/27\/revisions\/631"}],"up":[{"embeddable":true,"href":"https:\/\/golden-stardust.com\/index.php?rest_route=\/wp\/v2\/pages\/19"}],"wp:attachment":[{"href":"https:\/\/golden-stardust.com\/index.php?rest_route=%2Fwp%2Fv2%2Fmedia&parent=27"}],"curies":[{"name":"wp","href":"https:\/\/api.w.org\/{rel}","templated":true}]}}